 25. Suppose u*f - f + 5 = 0. Calculate the remainder when y is divided by f.
4
Let t(z) = z**2 + 87*z - 35. Calculate the remainder when t(-104) is divided by 87.
80
Suppose 235*u - 249*u = -406. Calculate the remainder when 221 is divided by u.
18
Let h(y) = -308*y - 1817. Calculate the remainder when 1239 is divided by h(-6).
30
Let m(t) = t**3 + 11*t - 1042 + 1042 + 12*t**2. Let s be m(-11). Suppose 5*v - 102 - 138 = s. What is the remainder when v is divided by 26?
22
Let p(n) = -n**2 + 4*n + 1. Let q be p(4). Let x(k) = -9*k + 0*k - 7*k - q. Calculate the remainder when x(-4) is divided by 22.
19
Let p be ((-5)/(-2))/(65/52). Let j be (p - 3)/(-1)*2. Suppose h + 4*v - j = 3, 0 = -3*v. Calculate the remainder when 6 is divided by h.
1
Let d = -129 - -135. Suppose -2*k - 5*o - 409 = -d*k, -3*o = 5*k - 465. Calculate the remainder when k is divided by 12.
0
Suppose 4*i - 5*j = 155, 0 = 3*i - 3*j - 35 - 85. Let y be 2/5 - (14 - 1404/65). What is the remainder when ((-14)/(-4) - y)*(-176)/6 is divided by i?
42
Suppose -3*n + p + 3 = -9, -4*n + 4*p = -8. Suppose 0*m + 2*m - 138 = 0. Calculate the remainder when m is divided by (-54)/(n + 13/(-2)).
33
Let r(z) = 6*z**2 - 350*z + 2379. What is the remainder when 1343 is divided by r(7)?
5
Let t = -2697 + 2830. Calculate the remainder when t is divided by 24.
13
Let u be (-4)/(-22) + 40/(-352)*-412. Suppose -t - k + u = 4*k, -3*t = -5*k - 161. Let a = t + 45. Calculate the remainder when a is divided by 14.
13
Let p(s) = 5*s**2 + 22*s - 79. Suppose 128*a = 127*a + 9. What is the remainder when p(a) is divided by 88?
84
Suppose -34*l + 90*l - 1331 = -65*l. Calculate the remainder when 43591 is divided by l.
9
Let c = 0 + 7. Let u(v) = -v**2 + 2*v + 78. Suppose 52*p - 46*p - 54 = 0. What is the remainder when u(p) is divided by c?
1
Suppose -25*w + 39 = z - 28*w, -5*w + 71 = 4*z. Calculate the remainder when z is divided by (-4)/18 - ((-58)/18 - 5).
0
Let o = 7279 - 6119. What is the remainder when o is divided by 83?
81
Calculate the remainder when (2 - 9)*(-23 + -310 + -15) is divided by 66.
60
Suppose -5*g = -4*h - 284, -5*h + 24 = g - 27. Suppose 2*a + g = 4*w, -24*a = -5*w - 29*a + 85. What is the remainder when 88 is divided by w?
13
Let n = -1453 + 1457. Let u be 1 - -2 - (0 + -1). What is the remainder when 14 is divided by 0 + u + (3 - n)?
2
Suppose 2*p + 122 = 4*r, -3*r + 2*p = 2*r - 154. Let o be (-1)/(6/(-112)) - 16/(-48). Let n = o - 1. Calculate the remainder when r is divided by n.
14
Suppose 212 = 4*n - 864*m + 869*m, 4*m = 2*n - 132. What is the remainder when 1157 is divided by n?
55
Suppose -60 = -5*a - 2*h, 3*h + 5 = 3*a - 2*h. Let n be 35/(-2)*(-24)/a. Let b = -21 + n. Calculate the remainder when 102 is divided by b.
18
Let n(i) = i**3 + 3*i**2 - 16*i - 16. What is the remainder when 4/12 + 437/3 is divided by n(4)?
18
Suppose -2*o + 458 = 5*l, 0 = -3*o + 4*o - 2*l - 202. Calculate the remainder when o is divided by 53.
2
Suppose 659*n = 654*n - 2*a + 1696, -332 = -n + 2*a. What is the remainder when n is divided by 54?
14
Suppose 0 = -41*v + 9*v - 192. Calculate the remainder when 1311 is divided by (680/12 + -2)*v/(-4).
81
Let t(c) = -c**2 - 22*c + 10. Let f be 3/18 + (-5)/((-120)/(-532)). Calculate the remainder when t(f) is divided by 7.
3
Let p(m) = 3*m + 8 + 5 + 0*m + 22 - 8. Calculate the remainder when 77 is divided by p(4).
38
Let f(s) = 7*s**2 - 4848*s + 9691. Suppose 2*w = 2*h - 4*h + 1144, 4*h = -w + 2282. What is the remainder when h is divided by f(2)?
18
Calculate the remainder when 2014 is divided by -11*102/187 + 30.
22
Let g(w) = -93*w + 1062. Calculate the remainder when g(9) is divided by 137.
88
Let o(g) = 22*g**2 + g + 1. What is the remainder when (-1 - -32)/(16/3 - 5) is divided by o(1)?
21
Let x be -16 + -3 + (-2 - -5). Let t(c) = -2*c**2 - 36*c - 37. What is the remainder when (195*-2)/3*-1 + 3 is divided by t(x)?
25
Let u = -263 + 687. Calculate the remainder when 1241 is divided by u.
393
Let t be (10/(-6))/((-597)/99 - -6). Suppose 5*w - 25 = -5*d, 2*w = -3*d + 7*w + t. What is the remainder when d is divided by 4?
2
Let o = 172 + -168. Calculate the remainder when 13 is divided by 15/10*1*o/2.
1
Suppose 40 - 24 = -4*q + 2*z, -7 = q - 2*z. Let c(d) = -76*d - 9. What is the remainder when c(q) is divided by 11?
10
Let f(h) be the third derivative of -5*h**4/12 - h**3 - 8*h**2 - h. What is the remainder when 10 is divided by f(-1)?
2
Suppose 3737 = 140*s + 657. What is the remainder when s is divided by 12?
10
Let g(y) = -2*y**2 - 27*y + 34. What is the remainder when (-2)/((-1)/((-419)/(-2))) is divided by g(-13)?
43
Suppose -3*c - 10 = -22, 5*f - 227 = -3*c. Let o(u) = 289*u + 9259. Calculate the remainder when f is divided by o(-32).
10
Suppose -1067 = 919*b - 930*b. Calculate the remainder when 170 is divided by b.
73
Suppose -4*q = -5*q - 10. Let k be ((-8)/q)/((-28)/2030). Let n = 115 + k. What is the remainder when n is divided by 30?
27
Suppose -7*p = -10*p + 24. Suppose 18*u = 14*u - 20. What is the remainder when ((-236)/20 + 4)/(1/u) is divided by p?
7
Let v be 2/(-10) + (-12)/15. Let z(o) = -35*o**3 - o**2 - 2*o - 1. What is the remainder when z(v) is divided by ((-133)/28 + 4)*-4*4?
11
Suppose -13097 = -3590*d + 3583*d. Calculate the remainder when d is divided by 28.
23
Let j = -4128 + 4246. Calculate the remainder when 705 is divided by j.
115
Suppose 4*j + 14 = l - 46, 3*l = 4*j + 148. Suppose -10*r = r - l. Suppose 4*y - 184 = r*s, 4*s + 137 = 5*y - 91. What is the remainder when y is divided by 19?
6
Calculate the remainder when 346 is divided by -78*(42/4 - (-1 - -12)).
34
Let b = 7070 - 6712. Calculate the remainder when 1436 is divided by b.
4
Let a = 39 + -22. Let p be (-9)/((-36)/(-8)) + a. Let o = 41 - p. Calculate the remainder when 77 is divided by o.
25
Let d = 7978 + -7904. What is the remainder when 19461 is divided by d?
73
Suppose -5*z = 3*n - 8326, 9729 = 5*n - z - 4213. Calculate the remainder when n is divided by 18.
15
Suppose p - 117 = 3*x - 114, 5*p - 4*x - 15 = 0. Calculate the remainder when 9583 is divided by p.
1
Let c = 27911 + -26093. Calculate the remainder when c is divided by 87.
78
Let d(r) = -r**3 - 4*r**2 - 19*r - 75. Calculate the remainder when d(-7) is divided by 4.
1
Let h = -6 + 10. Suppose -5*p + 65 = 5*b, -2*p = -4*b - h*p + 42. Calculate the remainder when b is divided by ((-14)/35 + 32/5)*1.
2
Let q(w) = -10*w**2 - 276*w + 61. What is the remainder when q(-8) is divided by 205?
194
Let o be (-4)/14 + 90/21. Suppose 11*b = o*b - 0*b. Suppose -5*u - 3*l + 117 = b, 2*u - 4*l - 30 = -4. What is the remainder when u is divided by 12?
9
Let g(q) = q**2 + 5*q + 12. Calculate the remainder when (-26)/(-78) - (-59)/3 is divided by g(0).
8
Suppose 2*w = -476 - 112. Let y = 354 + w. Calculate the remainder when y is divided by 13.
8
Let f(j) = 5232*j + 479. Calculate the remainder when f(1) is divided by 24.
23
Suppose 64 = 3*h - 200. Let v(x) = 10*x + 1. Let y(k) = -k. Let l(c) = -6*v(c) - 66*y(c). What is the remainder when h is divided by l(6)?
28
Suppose -5*l - n + 188 = -181, 4*l - 294 = -2*n. Suppose -8*j = -4*j - 848. Calculate the remainder when j is divided by l.
64
Let m = 113 + -69. Suppose -66 = 6*c - 9*c. Let k = 152 + c. What is the remainder when k is divided by m?
42
Let s = 145 + -155. Let t(b) = -b**3 - 8*b**2 + 15*b - 35. Calculate the remainder when t(s) is divided by 9.
6
Let o(i) = i + 22. Let q be o(-16). Let x be 3*2*((-22)/q - 4). Let y = 72 + x. What is the remainder when y is divided by 15?
11
Suppose 28*t - 22*t - 3042 = 0. Let r = t + -432. Calculate the remainder when 597 is divided by r.
72
Let v be (4/28 + 1)*(2 - -5). What is the remainder when 122 is divided by (v/(-32))/(9/(-468))?
5
Let a be (-1)/((-6)/15)*-14. Let t = a - -38. Suppose y + 2*c - 5 = 8, -5*c = -t*y + 6. Calculate the remainder when y is divided by 2.
1
Let n be 3/(-10)*2*-5. Suppose 833 = 3*s - 4*i, 763 = 5*s + n*i - 577. Calculate the remainder when s is divided by 34.
33
Suppose 0 = -73*d + 47*d + 1170. Suppose 48 = 2*o + o. What is the remainder when d is divided by o?
13
Let n be (-3)/5 + 0 + (-1788)/20. Let r = n - -115. What is the remainder when 45 is divided by r?
20
Suppose 2*q + 17 = -u, 